?
2, 3, 7, 467
Let v(h) = 3*h + 779. Let f be v(0). Suppose 3*p + g = -3*g + f, -p + 4*g = -249. What are the prime factors of p?
257
Let s(f) = -38*f - 4. Let n(q) = 9. Let v(c) = 25. Let r(w) = -11*n(w) + 4*v(w). Let b(y) = 5*r(y) - s(y). What are the prime factors of b(4)?
7, 23
Suppose 5*u + 4*s - 33 - 92 = 0, 5*u - 4*s = 165. Suppose -25*d + u*d - 156 = 0. List the prime factors of d.
3, 13
Suppose -3*m + 2*f + 0 = -2, -2*f = -4*m. List the prime factors of -1*(-15 - m)*1.
13
Let l(g) = 2*g**3 - 3*g**2 + 9*g - 2. Let q be l(4). Let k = -41 + q. List the prime factors of k.
73
Suppose -5*r + 10 = -20. Let v be (30/(-25))/r + (-846)/(-5). Let a = 11 + v. What are the prime factors of a?
2, 3, 5
Suppose 31095 = 16*y - 22409. List the prime factors of y.
2, 11, 19
Suppose -3*b + 17802 = -z, 574*b + 11902 = 576*b + 5*z. What are the prime factors of b?
2, 7, 53
Let b = 44847 + -28036. List the prime factors of b.
16811
Let k(b) = 3*b**2 - 12*b - 1. Let z be k(4). What are the prime factors of (0 - z - 0) + 231?
2, 29
Let c(x) = -x**2 + 25*x + 60. Let b be c(27). Suppose -b*s + 9*s - 3075 = 2*t, 3090 = 3*s + 3*t. List the prime factors of s.
13, 79
Let q be -1852 + -5 - (2 - -3). Let f = 2903 + q. List the prime factors of f.
3, 347
List the prime factors of ((-774)/15)/((-3)/190).
2, 19, 43
Suppose 18*n + 2*n + 10*n = -300. Let f(s) = -s + 1. Let w(z) = -11*z - 6. Let x(i) = -f(i) + w(i). What are the prime factors of x(n)?
3, 31
Let q be -1*7 + 2 - (-50 + 7). What are the prime factors of (-1291)/(-2) + q/(-76)?
3, 5, 43
Let x(w) = 704*w - 51. Let b be x(4). Suppose -u = 4*s - 6164, -3*s + b = -u - 1858. List the prime factors of s.
23, 67
Let x = -12034 - -20542. List the prime factors of x.
2, 3, 709
Suppose -5*k + u = 23, 0 = -3*k + k - 3*u - 16. Let a = 394 + k. List the prime factors of a.
389
Suppose -14*w + 92*w = -96*w + 659634. What are the prime factors of w?
17, 223
Let z = -30180 + 73301. What are the prime factors of z?
13, 31, 107
Suppose -67*t - 43*t = -12*t - 225302. What are the prime factors of t?
11, 19
Let t be (-16)/4 + (0/(-2) - -9). Suppose 4*h - 5632 = -t*u, 5*h - 7027 = -0*u - 3*u. List the prime factors of h.
23, 61
Let b = 7752 + -5651. List the prime factors of b.
11, 191
Let p = -2535 - -4629. Let s = 3434 - p. List the prime factors of s.
2, 5, 67
Suppose -8*h = -3*h - 30. Let k be (2 + -2)*h/12. Suppose 5*j - 265 - 25 = k. What are the prime factors of j?
2, 29
Let c(t) = t**3 + t**2 - 2*t + 5. Let l be c(0). Suppose -743 = -l*m + 232. List the prime factors of m.
3, 5, 13
Let g = 4674 + -4674. Suppose 2*u - 28 + 122 = 5*x, 3*u + 51 = 3*x. Suppose 129 + x = f - 4*m, g = -4*m + 4. What are the prime factors of f?
3, 17
Let a be 13146/35 - 4/(-20)*2. Suppose -17*n = -13*n - a. List the prime factors of n.
2, 47
Suppose -7*b - 38*b = -15750 - 244575. What are the prime factors of b?
5, 13, 89
Let p = -30 - -44. Suppose 225 = -19*z + p*z. Let a = z + 84. List the prime factors of a.
3, 13
Let y = 140 - 155. Let l be (-11 - y) + (-948 - 1). What are the prime factors of (12/9 - 2)/(14/l)?
3, 5
Let b = 10764 - 6520. List the prime factors of b.
2, 1061
Suppose 2*b + 11 = 3*a + 6*b, -a + 3*b - 5 = 0. Suppose x - a = 1. Suppose -u = 4*i + 118 - 842, -2*u = x*i - 368. List the prime factors of i.
2, 3, 5
Suppose -f + 4891 = 2*u, u = 4*f + 4*u - 19574. Suppose 0 = -0*w + 3*w + 5*v - f, 0 = -3*w - v + 4879. List the prime factors of w.
5, 13
Let m(h) = h**2 - h - 11. Let q be m(5). Suppose -z + 2*p + q = -p, 4*p = -5*z + 7. Suppose -7*o = -z*o - 20. What are the prime factors of o?
5
Let b(m) = -163*m - 774. What are the prime factors of b(-5)?
41
Let p be (5751/(-45))/((-4)/20). Let t = 1184 - p. List the prime factors of t.
5, 109
Let o(h) be the first derivative of -698*h**2 - 168. What are the prime factors of o(-1)?
2, 349
Suppose -4*m - 8*m - 27726 + 460002 = 0. List the prime factors of m.
13, 17, 163
Let i be ((-14796)/162)/((-2)/(-39)). Let d = i - -3155. List the prime factors of d.
2, 3, 229
Suppose 0 = -0*f - 2*f - 5*t, 21 = -3*f + 3*t. Let b be 1/f + (-810)/(-50). List the prime factors of b/12 + -1 - (-896)/12.
3, 5
Suppose 13 = s + 4. Let b = 9 - s. Suppose b = 6*h - 10*h + 324. List the prime factors of h.
3
What are the prime factors of ((-4)/10)/(2/(-45)) - -9619?
2, 29, 83
Let p(s) = 2*s**2 - 2*s + 4. Suppose 0 = -n + 3*w + 16, 5*w - 12 = -5*n + 3*w. Let d be p(n). What are the prime factors of 1/(0 + 4) + 973/d?
5, 7
Let k = -409 - -458. List the prime factors of ((-105)/(-2)*84/k)/1.
2, 3, 5
Let s(w) = 8*w + 3. Let a be s(7). Let g = 48 - a. Let d = g + 236. What are the prime factors of d?
3, 5
Suppose 0 = t - 4*t + 243. Let p = t + 149. List the prime factors of p.
2, 5, 23
Let s(r) = -51*r + 9. Suppose -4*j + 5*j - 3 = 0. Let b be s(j). Let i = 240 + b. What are the prime factors of i?
2, 3
List the prime factors of 1229810/70 + (-35)/49.
2, 3, 61
Let l(h) = h**2 + 9*h + 13. Let u(m) = m**2 - 16*m + 3. Let n be u(15). Let b be l(n). Let k = -10 + b. List the prime factors of k.
3, 13
Let x(b) be the second derivative of b**5/5 + 7*b**4/24 + 10*b**3/3 + b**2/2 + 12*b. Let g(a) be the first derivative of x(a). List the prime factors of g(-4).
2, 23
Suppose 9*p = 13*p - 28. Let l be (1*p - 1)/((-234)/3120). Let f = l - -89. What are the prime factors of f?
3
Suppose -5*t + 2*l + 0*l = -5381, 2*t - 5*l = 2165. Let z = -31 + t. What are the prime factors of z?
2, 3, 29
Suppose 78 = a + 5*q - 61, 0 = 3*q - 3. Suppose 539 - a = 3*k. Let w = -50 + k. What are the prime factors of w?
5, 17
Let q be (-5921)/4 + 4/16. What are the prime factors of ((-48)/(-40))/(-1 - 1486/q)?
2, 37
Let u(f) = 418*f**3 - 4*f**2 + 9*f + 20. Let x be u(-4). List the prime factors of (2 - (-9)/(-5)) + x/(-65).
7, 59
Suppose 5*i + 15 = -f + 73, -2*i - 5*f = -14. What are the prime factors of (20 + -2)*(-2 + 808/i)?
2, 3, 7
Suppose -7*r = -63 + 28. Suppose 2997 = 4*y + r*p, -1025 = -2*y - 2*p + 475. List the prime factors of y.
3, 251
Let m(q) = -43*q - 159 + 42*q - 57*q. What are the prime factors of m(-6)?
3, 7
List the prime factors of (-15830)/(((-54)/9 - -4)/1).
5, 1583
Suppose -4*v = -v - 18. Suppose -v*z + 3*z = 3, 0 = -2*a - 2*z - 410. Let p = -132 - a. List the prime factors of p.
2, 3
Suppose 8815*n = 8798*n + 255646. What are the prime factors of n?
2, 73, 103
Let i(o) = o**2 - 15*o - 43. Let b be i(18). Suppose -12*k = -b*k - 203. Suppose 0 = -7*u + 553 + k. What are the prime factors of u?
2, 3
Let k = 27973 + -6384. What are the prime factors of k?
21589
Let d = 13518 + -6659. What are the prime factors of d?
19
Let g(o) = -45*o - 20*o - 33*o + 110. What are the prime factors of g(-3)?
2, 101
Let l(z) = -z**2 - 6*z. Let m be l(-6). Let n(s) = 2*s**2 - 21*s - 171. Let v be n(24). Suppose m = 10*i - i - v. List the prime factors of i.
53
Let z = -49 + 53. Suppose p - 5*o = 34 + 48, -2*p = z*o - 164. What are the prime factors of 1 + (p + -1 - 0)?
2, 41
Let a(z) = 92*z + 1647. List the prime factors of a(-5).
1187
Suppose -2*i = 9958 - 33950. What are the prime factors of i?
2, 2999
Suppose -1032*j + 1035*j = 2*i - 12981, -32462 = -5*i - 2*j. What are the prime factors of i?
2, 3, 541
Let p = -6792 - -13956. What are the prime factors of p?
2, 3, 199
Let q = 2928 - -3997. List the prime factors of q.
5, 277
Suppose -2*b + 164 = r - 103, -5*r + 1359 = 2*b. Let h = 660 - r. What are the prime factors of h?
3, 43
Let p be ((-16)/(-6))/4 + (-5412)/(-9). What are the prime factors of (13 + -17 + p/(-8))*-4?
317
Let o(s) be the second derivative of -20*s**3/3 - 15*s**2 - 42*s. Let l be o(-3). Let n = l - -120. List the prime factors of n.
2, 3, 5, 7
Let i(f) = -7*f - 3. Let m be i(9). Let j = 181 + m. Let y = j + -63. What are the prime factors of y?
2, 13
Suppose 12 = c - 2*j, 0 = c + 6*j - j + 23. Suppose -h - 3*h + 1606 = c*x, -4*x = h - 419. Suppose 5*w - 61 = h. List the prime factors of w.
2, 23
Let w = -183 + 213. Suppose w*c = 28*c + 1178. List the prime factors of c.
19, 31
Let n(j) = -j**3 + 11*j**2 - 6*j + 6. Let a be n(10). Suppose 2*g + 4 = a. List the prime factors of (7/g)/(2/714).
7, 17
Let b(o) = 7801*o - 734. List the prime factors of b(2).
2, 3, 7, 59
Suppose 4*i + 34 = f, -5*i = -2*f + 36 + 23. Let w(s)